{"id":188,"date":"2016-02-05T09:04:04","date_gmt":"2016-02-05T08:04:04","guid":{"rendered":"https:\/\/www.jauslin-ag.com\/official\/official\/?page_id=188"},"modified":"2019-08-29T08:23:43","modified_gmt":"2019-08-29T06:23:43","slug":"datenschutz","status":"publish","type":"page","link":"https:\/\/www.jauslin-ag.com\/official\/datenschutz\/","title":{"rendered":"Datenschutz"},"content":{"rendered":"<p>[vc_row type=&#8220;full_width_section&#8220; top_padding=&#8220;50&#8243; bottom_padding=&#8220;50&#8243;][vc_column width=&#8220;1\/1&#8243;][vc_column_text]<\/p>\n<h1 style=\"text-align: center;\">Impressum<\/h1>\n<p>[\/vc_column_text][vc_column_text]<\/p>\n<h3 style=\"text-align: center;\">Datenschutz ist uns wichtig.<br \/>\nBitte beachten Sie folgende Punkte unserer Datenschutzerkl\u00e4rung.<\/h3>\n<p>[\/vc_column_text][\/vc_column][\/vc_row][vc_row bg_color=&#8220;#f2f2f2&#8243; top_padding=&#8220;50&#8243; bottom_padding=&#8220;50&#8243;][vc_column width=&#8220;1\/1&#8243;][vc_column_text]<\/p>\n<h4><strong>Geltungsbereich<\/strong><\/h4>\n<p>Die Datenschutzerkl\u00e4rung gilt f\u00fcr alle Websites der A. Jauslin AG\u00a0(nachfolgend A. Jauslin\u00a0Websites). F\u00fcr A. Jauslin AG\u00a0fremde Internetseiten, zu welchen von den A. Jauslin\u00a0Websites ein Link besteht, wird keine Gew\u00e4hr f\u00fcr die Einhaltung der Datenschutzbestimmungen \u00fcbernommen. Diese Datenschutzerkl\u00e4rung\u00a0beschreibt die von uns ergriffenen, angemessenen Vorsichtsmassnahmen zur Sicherung Ihrer Daten. Die Datenschutzerkl\u00e4rung kann jederzeit aktualisiert werden. Datum der letzten \u00c4nderung: 5. Februar\u00a02016.<\/p>\n<h4><strong>Datenschutz<\/strong><\/h4>\n<p>Zu Marketing- und Optimierungszwecken wird auf dieser Website eine Dienstleistung (Web-Tracking) von der MovePeople GmbH eingesetzt. Die Dienstleistung wird von der MovePeople GmbH (www.movepeople.ch) unter dem Namen \u201eLeadRecord\u201c (www.leadrecord.com) betrieben. Bei Ihrem Besuch werden Daten (IP-Adresse, Zeit- und Datum Ihres Besuchs, Besuchsdauer, besuchte Seiten, Land, PLZ, Ort, Breitengrad, L\u00e4ngengrad, Name des Internet Service Provider, Domain, wie auch die Internetadresse der Website von der Sie durch Anklicken eines Links zu unserer Website gekommen sind) erhoben, verarbeitet und gespeichert. Die erhobenen Daten, welche auch personenbezogenen Daten beinhalten k\u00f6nnen, werden auf Servern der MovePeople GmbH gespeichert (Serverstandorte: Schweiz, \u00d6sterreich, Deutschland).<\/p>\n<p>MovePeople darf Informationen, die durch Besuche auf den Webseiten hinterlassen werden, nutzen, um anonymisierte Nutzungsprofile zu erstellen. Die erhobenen IP-Adressen werden nach der Erhebung durch L\u00f6schen des letzten Nummernblocks anonymisiert.<\/p>\n<p>Der Datenerhebung, -verarbeitung und -speicherung kann jederzeit mit Wirkung f\u00fcr die Zukunft widersprochen werden. Sie k\u00f6nnen sich unter folgendem Link ausschliessen: https:\/\/app.leadrecord.com\/de\/ip-opt-out vom LeadRecord Web-Tracking. Falls Sie sich vom Web-Tracking Dienst LeadRecord von der MovePeople GmbH nicht ausschliessen, wird mit der Benutzung dieser Website angenommen, dass Sie sich mit der Datenerhebung, -verarbeitung und \u2013 speicherung einverstanden erkl\u00e4ren. Bei Fragen zu bereits erhobenen Daten von Ihnen, bitten wir Sie direkt mit der MovePeople GmbH in Kontakt zu treten.<\/p>\n<p>Bitte beachten Sie, dass die Daten bei der \u00dcbermittlung \u00fcber das Internet unberechtigten Dritten im In- oder Ausland zug\u00e4nglich sein k\u00f6nnen. Zum Schutz werden entsprechende Massnahmen angewendet, um eine sichere Daten\u00fcbertragung anbieten zu k\u00f6nnen, es wird aber keinerlei Verantwortung oder Haftung \u00fcbernommen.<\/p>\n<h4><strong>Google Analytics<\/strong><\/h4>\n<p>Diese Website benutzt Google Analytics, einen Webanalysedienst der Google Inc. (\u201eGoogle\u201c). Google Analytics verwendet sog. \u201eCookies\u201c, Textdateien, die auf Ihrem Computer gespeichert werden und die eine Analyse der Benutzung der Website durch Sie erm\u00f6glichen. Die durch den Cookie erzeugten Informationen \u00fcber Ihre Benutzung dieser Website (einschliesslich Ihrer IP-Adresse) wird an einen Server von Google in den USA \u00fcbertragen und dort gespeichert. Google wird diese Informationen benutzen, um Ihre Nutzung der Website auszuwerten, um Reports \u00fcber die Websiteaktivit\u00e4ten f\u00fcr die Websitebetreiber zusammenzustellen und um weitere mit der Websitenutzung und der Internetnutzung verbundene Dienstleistungen zu erbringen. Auch wird Google diese Informationen gegebenenfalls an Dritte \u00fcbertragen, sofern dies gesetzlich vorgeschrieben oder soweit Dritte diese Daten im Auftrag von Google verarbeiten. Google wird in keinem Fall Ihre IP-Adresse mit anderen Daten von Google in Verbindung bringen. Sie k\u00f6nnen die Installation der Cookies durch eine entsprechende Einstellung Ihrer Browser Software verhindern; wir weisen Sie jedoch darauf hin, dass Sie in diesem Fall gegebenenfalls nicht s\u00e4mtliche Funktionen dieser Website vollumf\u00e4nglich nutzen k\u00f6nnen. Durch die Nutzung dieser Website erkl\u00e4ren Sie sich mit der Bearbeitung der \u00fcber Sie erhobenen Daten durch Google in der zuvor beschriebenen Art und Weise und zu dem zuvor benannten Zweck einverstanden. Der Datenerhebung und -speicherung kann jederzeit mit Wirkung f\u00fcr die Zukunft widersprochen werden. Angesichts der Diskussion um den Einsatz von Analysetools mit vollst\u00e4ndigen IP-Adressen m\u00f6chten wir darauf hinweisen, dass diese Website Google Analytics mit der Erweiterung \u201e_anonymizeIp()\u201c verwendet und daher IP-Adressen nur gek\u00fcrzt weiterverarbeitet werden, um eine direkte Personenbeziehbarkeit auszuschliessen.<\/p>\n<p>Die Daten von Google Analytics werden von der A. Jauslin AG\u00a0f\u00fcr statistische Auswertungen verwendet, um die A. Jauslin Websites zu optimieren.[\/vc_column_text][\/vc_column][\/vc_row]<\/p>\n","protected":false},"excerpt":{"rendered":"<p>[vc_row type=&#8220;full_width_section&#8220; top_padding=&#8220;50&#8243; bottom_padding=&#8220;50&#8243;][vc_column width=&#8220;1\/1&#8243;][vc_column_text] Impressum [\/vc_column_text][vc_column_text] Datenschutz ist uns wichtig. Bitte beachten Sie folgende Punkte unserer Datenschutzerkl\u00e4rung. [\/vc_column_text][\/vc_column][\/vc_row][vc_row bg_color=&#8220;#f2f2f2&#8243; top_padding=&#8220;50&#8243; bottom_padding=&#8220;50&#8243;][vc_column width=&#8220;1\/1&#8243;][vc_column_text] Geltungsbereich Die Datenschutzerkl\u00e4rung gilt f\u00fcr alle Websites der A. Jauslin AG\u00a0(nachfolgend A. Jauslin\u00a0Websites). F\u00fcr A. Jauslin AG\u00a0fremde Internetseiten, zu welchen von den A. Jauslin\u00a0Websites ein Link besteht, wird keine Gew\u00e4hr f\u00fcr die Einhaltung der Datenschutzbestimmungen \u00fcbernommen. Diese Datenschutzerkl\u00e4rung\u00a0beschreibt die von uns ergriffenen, angemessenen Vorsichtsmassnahmen zur Sicherung Ihrer Daten. Die Datenschutzerkl\u00e4rung kann jederzeit aktualisiert werden. Datum der letzten \u00c4nderung: 5. Februar\u00a02016. Datenschutz Zu Marketing- und Optimierungszwecken wird auf dieser Website eine Dienstleistung (Web-Tracking) von der MovePeople GmbH eingesetzt. Die Dienstleistung wird von der MovePeople GmbH (www.movepeople.ch) unter dem Namen \u201eLeadRecord\u201c (www.leadrecord.com) betrieben. Bei Ihrem Besuch werden Daten (IP-Adresse, Zeit- und Datum Ihres Besuchs, Besuchsdauer, besuchte Seiten, Land, PLZ, Ort, Breitengrad, L\u00e4ngengrad, Name des Internet Service Provider, Domain, wie auch die Internetadresse der Website von der Sie durch Anklicken eines Links zu unserer Website gekommen sind) erhoben, verarbeitet und gespeichert. Die erhobenen Daten, welche auch personenbezogenen Daten beinhalten k\u00f6nnen, werden auf Servern der MovePeople GmbH gespeichert (Serverstandorte: Schweiz, \u00d6sterreich, Deutschland). MovePeople darf Informationen, die durch Besuche auf den Webseiten hinterlassen werden, nutzen, um anonymisierte Nutzungsprofile zu erstellen. Die erhobenen [&hellip;]<\/p>\n","protected":false},"author":1,"featured_media":0,"parent":0,"menu_order":11,"comment_status":"closed","ping_status":"closed","template":"","meta":[],"yoast_head":"<!-- This site is optimized with the Yoast SEO plugin v20.8 - https:\/\/yoast.com\/wordpress\/plugins\/seo\/ -->\n<title>Datenschutz - A. Jauslin AG<\/title>\n<meta name=\"robots\" content=\"index, follow, max-snippet:-1, max-image-preview:large, max-video-preview:-1\" \/>\n<link rel=\"canonical\" href=\"https:\/\/www.jauslin-ag.com\/official\/datenschutz\/\" \/>\n<meta property=\"og:locale\" content=\"de_DE\" \/>\n<meta property=\"og:type\" content=\"article\" \/>\n<meta property=\"og:title\" content=\"Datenschutz - A. Jauslin AG\" \/>\n<meta property=\"og:description\" content=\"[vc_row type=&#8220;full_width_section&#8220; top_padding=&#8220;50&#8243; bottom_padding=&#8220;50&#8243;][vc_column width=&#8220;1\/1&#8243;][vc_column_text] Impressum [\/vc_column_text][vc_column_text] Datenschutz ist uns wichtig. Bitte beachten Sie folgende Punkte unserer Datenschutzerkl\u00e4rung. [\/vc_column_text][\/vc_column][\/vc_row][vc_row bg_color=&#8220;#f2f2f2&#8243; top_padding=&#8220;50&#8243; bottom_padding=&#8220;50&#8243;][vc_column width=&#8220;1\/1&#8243;][vc_column_text] Geltungsbereich Die Datenschutzerkl\u00e4rung gilt f\u00fcr alle Websites der A. Jauslin AG\u00a0(nachfolgend A. Jauslin\u00a0Websites). F\u00fcr A. Jauslin AG\u00a0fremde Internetseiten, zu welchen von den A. Jauslin\u00a0Websites ein Link besteht, wird keine Gew\u00e4hr f\u00fcr die Einhaltung der Datenschutzbestimmungen \u00fcbernommen. Diese Datenschutzerkl\u00e4rung\u00a0beschreibt die von uns ergriffenen, angemessenen Vorsichtsmassnahmen zur Sicherung Ihrer Daten. Die Datenschutzerkl\u00e4rung kann jederzeit aktualisiert werden. Datum der letzten \u00c4nderung: 5. Februar\u00a02016. Datenschutz Zu Marketing- und Optimierungszwecken wird auf dieser Website eine Dienstleistung (Web-Tracking) von der MovePeople GmbH eingesetzt. Die Dienstleistung wird von der MovePeople GmbH (www.movepeople.ch) unter dem Namen \u201eLeadRecord\u201c (www.leadrecord.com) betrieben. Bei Ihrem Besuch werden Daten (IP-Adresse, Zeit- und Datum Ihres Besuchs, Besuchsdauer, besuchte Seiten, Land, PLZ, Ort, Breitengrad, L\u00e4ngengrad, Name des Internet Service Provider, Domain, wie auch die Internetadresse der Website von der Sie durch Anklicken eines Links zu unserer Website gekommen sind) erhoben, verarbeitet und gespeichert. Die erhobenen Daten, welche auch personenbezogenen Daten beinhalten k\u00f6nnen, werden auf Servern der MovePeople GmbH gespeichert (Serverstandorte: Schweiz, \u00d6sterreich, Deutschland). MovePeople darf Informationen, die durch Besuche auf den Webseiten hinterlassen werden, nutzen, um anonymisierte Nutzungsprofile zu erstellen. Die erhobenen [&hellip;]\" \/>\n<meta property=\"og:url\" content=\"https:\/\/www.jauslin-ag.com\/official\/datenschutz\/\" \/>\n<meta property=\"og:site_name\" content=\"A. Jauslin AG\" \/>\n<meta property=\"article:modified_time\" content=\"2019-08-29T06:23:43+00:00\" \/>\n<meta name=\"twitter:card\" content=\"summary_large_image\" \/>\n<meta name=\"twitter:label1\" content=\"Gesch\u00e4tzte Lesezeit\" \/>\n\t<meta name=\"twitter:data1\" content=\"3 Minuten\" \/>\n<script type=\"application\/ld+json\" class=\"yoast-schema-graph\">{\"@context\":\"https:\/\/schema.org\",\"@graph\":[{\"@type\":\"WebPage\",\"@id\":\"https:\/\/www.jauslin-ag.com\/official\/datenschutz\/\",\"url\":\"https:\/\/www.jauslin-ag.com\/official\/datenschutz\/\",\"name\":\"Datenschutz - A. Jauslin AG\",\"isPartOf\":{\"@id\":\"https:\/\/www.jauslin-ag.com\/official\/#website\"},\"datePublished\":\"2016-02-05T08:04:04+00:00\",\"dateModified\":\"2019-08-29T06:23:43+00:00\",\"breadcrumb\":{\"@id\":\"https:\/\/www.jauslin-ag.com\/official\/datenschutz\/#breadcrumb\"},\"inLanguage\":\"de-DE\",\"potentialAction\":[{\"@type\":\"ReadAction\",\"target\":[\"https:\/\/www.jauslin-ag.com\/official\/datenschutz\/\"]}]},{\"@type\":\"BreadcrumbList\",\"@id\":\"https:\/\/www.jauslin-ag.com\/official\/datenschutz\/#breadcrumb\",\"itemListElement\":[{\"@type\":\"ListItem\",\"position\":1,\"name\":\"Home\",\"item\":\"https:\/\/www.jauslin-ag.com\/official\/\"},{\"@type\":\"ListItem\",\"position\":2,\"name\":\"Datenschutz\"}]},{\"@type\":\"WebSite\",\"@id\":\"https:\/\/www.jauslin-ag.com\/official\/#website\",\"url\":\"https:\/\/www.jauslin-ag.com\/official\/\",\"name\":\"A. Jauslin AG\",\"description\":\"Hochwertige Druckprodukte\",\"potentialAction\":[{\"@type\":\"SearchAction\",\"target\":{\"@type\":\"EntryPoint\",\"urlTemplate\":\"https:\/\/www.jauslin-ag.com\/official\/?s={search_term_string}\"},\"query-input\":\"required name=search_term_string\"}],\"inLanguage\":\"de-DE\"}]}<\/script>\n<!-- \/ Yoast SEO plugin. -->","yoast_head_json":{"title":"Datenschutz - A. Jauslin AG","robots":{"index":"index","follow":"follow","max-snippet":"max-snippet:-1","max-image-preview":"max-image-preview:large","max-video-preview":"max-video-preview:-1"},"canonical":"https:\/\/www.jauslin-ag.com\/official\/datenschutz\/","og_locale":"de_DE","og_type":"article","og_title":"Datenschutz - A. Jauslin AG","og_description":"[vc_row type=&#8220;full_width_section&#8220; top_padding=&#8220;50&#8243; bottom_padding=&#8220;50&#8243;][vc_column width=&#8220;1\/1&#8243;][vc_column_text] Impressum [\/vc_column_text][vc_column_text] Datenschutz ist uns wichtig. Bitte beachten Sie folgende Punkte unserer Datenschutzerkl\u00e4rung. [\/vc_column_text][\/vc_column][\/vc_row][vc_row bg_color=&#8220;#f2f2f2&#8243; top_padding=&#8220;50&#8243; bottom_padding=&#8220;50&#8243;][vc_column width=&#8220;1\/1&#8243;][vc_column_text] Geltungsbereich Die Datenschutzerkl\u00e4rung gilt f\u00fcr alle Websites der A. Jauslin AG\u00a0(nachfolgend A. Jauslin\u00a0Websites). F\u00fcr A. Jauslin AG\u00a0fremde Internetseiten, zu welchen von den A. Jauslin\u00a0Websites ein Link besteht, wird keine Gew\u00e4hr f\u00fcr die Einhaltung der Datenschutzbestimmungen \u00fcbernommen. Diese Datenschutzerkl\u00e4rung\u00a0beschreibt die von uns ergriffenen, angemessenen Vorsichtsmassnahmen zur Sicherung Ihrer Daten. Die Datenschutzerkl\u00e4rung kann jederzeit aktualisiert werden. Datum der letzten \u00c4nderung: 5. Februar\u00a02016. Datenschutz Zu Marketing- und Optimierungszwecken wird auf dieser Website eine Dienstleistung (Web-Tracking) von der MovePeople GmbH eingesetzt. Die Dienstleistung wird von der MovePeople GmbH (www.movepeople.ch) unter dem Namen \u201eLeadRecord\u201c (www.leadrecord.com) betrieben. Bei Ihrem Besuch werden Daten (IP-Adresse, Zeit- und Datum Ihres Besuchs, Besuchsdauer, besuchte Seiten, Land, PLZ, Ort, Breitengrad, L\u00e4ngengrad, Name des Internet Service Provider, Domain, wie auch die Internetadresse der Website von der Sie durch Anklicken eines Links zu unserer Website gekommen sind) erhoben, verarbeitet und gespeichert. Die erhobenen Daten, welche auch personenbezogenen Daten beinhalten k\u00f6nnen, werden auf Servern der MovePeople GmbH gespeichert (Serverstandorte: Schweiz, \u00d6sterreich, Deutschland). MovePeople darf Informationen, die durch Besuche auf den Webseiten hinterlassen werden, nutzen, um anonymisierte Nutzungsprofile zu erstellen. Die erhobenen [&hellip;]","og_url":"https:\/\/www.jauslin-ag.com\/official\/datenschutz\/","og_site_name":"A. Jauslin AG","article_modified_time":"2019-08-29T06:23:43+00:00","twitter_card":"summary_large_image","twitter_misc":{"Gesch\u00e4tzte Lesezeit":"3 Minuten"},"schema":{"@context":"https:\/\/schema.org","@graph":[{"@type":"WebPage","@id":"https:\/\/www.jauslin-ag.com\/official\/datenschutz\/","url":"https:\/\/www.jauslin-ag.com\/official\/datenschutz\/","name":"Datenschutz - A. Jauslin AG","isPartOf":{"@id":"https:\/\/www.jauslin-ag.com\/official\/#website"},"datePublished":"2016-02-05T08:04:04+00:00","dateModified":"2019-08-29T06:23:43+00:00","breadcrumb":{"@id":"https:\/\/www.jauslin-ag.com\/official\/datenschutz\/#breadcrumb"},"inLanguage":"de-DE","potentialAction":[{"@type":"ReadAction","target":["https:\/\/www.jauslin-ag.com\/official\/datenschutz\/"]}]},{"@type":"BreadcrumbList","@id":"https:\/\/www.jauslin-ag.com\/official\/datenschutz\/#breadcrumb","itemListElement":[{"@type":"ListItem","position":1,"name":"Home","item":"https:\/\/www.jauslin-ag.com\/official\/"},{"@type":"ListItem","position":2,"name":"Datenschutz"}]},{"@type":"WebSite","@id":"https:\/\/www.jauslin-ag.com\/official\/#website","url":"https:\/\/www.jauslin-ag.com\/official\/","name":"A. Jauslin AG","description":"Hochwertige Druckprodukte","potentialAction":[{"@type":"SearchAction","target":{"@type":"EntryPoint","urlTemplate":"https:\/\/www.jauslin-ag.com\/official\/?s={search_term_string}"},"query-input":"required name=search_term_string"}],"inLanguage":"de-DE"}]}},"_links":{"self":[{"href":"https:\/\/www.jauslin-ag.com\/official\/wp-json\/wp\/v2\/pages\/188"}],"collection":[{"href":"https:\/\/www.jauslin-ag.com\/official\/wp-json\/wp\/v2\/pages"}],"about":[{"href":"https:\/\/www.jauslin-ag.com\/official\/wp-json\/wp\/v2\/types\/page"}],"author":[{"embeddable":true,"href":"https:\/\/www.jauslin-ag.com\/official\/wp-json\/wp\/v2\/users\/1"}],"replies":[{"embeddable":true,"href":"https:\/\/www.jauslin-ag.com\/official\/wp-json\/wp\/v2\/comments?post=188"}],"version-history":[{"count":2,"href":"https:\/\/www.jauslin-ag.com\/official\/wp-json\/wp\/v2\/pages\/188\/revisions"}],"predecessor-version":[{"id":190,"href":"https:\/\/www.jauslin-ag.com\/official\/wp-json\/wp\/v2\/pages\/188\/revisions\/190"}],"wp:attachment":[{"href":"https:\/\/www.jauslin-ag.com\/official\/wp-json\/wp\/v2\/media?parent=188"}],"curies":[{"name":"wp","href":"https:\/\/api.w.org\/{rel}","templated":true}]}}